{"id":10901,"date":"2024-02-12T02:23:25","date_gmt":"2024-02-12T02:23:25","guid":{"rendered":"https:\/\/www.inmobiliaria.plusvaliauno.mx\/inmobiliaria\/administracion-copy\/"},"modified":"2024-02-12T02:23:25","modified_gmt":"2024-02-12T02:23:25","slug":"compra","status":"publish","type":"page","link":"https:\/\/inmobiliaria.plusvaliauno.mx\/inmobiliaria\/compra\/","title":{"rendered":"Compra"},"content":{"rendered":"<div class=\"wpb-content-wrapper\"><p>[vc_row full_width=&#8221;stretch_row&#8221; css=&#8221;.vc_custom_1625862457920{background-image: url(https:\/\/www.inmobiliaria.plusvaliauno.mx\/inmobiliaria\/wp-content\/uploads\/2020\/06\/plusvalia-uno-inversiones-inmobiliarias-inicio-back-4.jpg?id=4471) !important;background-position: center !important;background-repeat: no-repeat !important;background-size: cover !important;}&#8221;][vc_column][g5plus_space desktop=&#8221;100&#8243; tablet=&#8221;80&#8243; tablet_portrait=&#8221;60&#8243; mobile_landscape=&#8221;50&#8243; mobile=&#8221;40&#8243;][vc_row_inner][vc_column_inner width=&#8221;1\/2&#8243;][vc_single_image image=&#8221;5063&#8243; img_size=&#8221;full&#8221; alignment=&#8221;center&#8221;][\/vc_column_inner][vc_column_inner width=&#8221;1\/2&#8243;][vc_empty_space][vc_empty_space][vc_column_text]<\/p>\n<h4><span style=\"color: #5e5e5e;\"><b>COMPRA<\/b><\/span><\/h4>\n<p>[\/vc_column_text][vc_empty_space][vc_column_text]<\/p>\n<p><span style=\"font-weight: 400;\">Para el equipo de <\/span><b>Plusval\u00eda Uno<\/b><span style=\"font-weight: 400;\"> es muy importante escuchar tus necesidades y dudas para poder ayudarte a que logres tus metas y sue\u00f1os. Si ya est\u00e1s en el proceso para adquirir una casa o departamento, Te decimos el proceso que se sigue para que tenga validez oficial<\/span><span style=\"font-weight: 400;\">.<\/span>[\/vc_column_text][vc_empty_space][vc_empty_space][\/vc_column_inner][\/vc_row_inner][vc_empty_space][\/vc_column][\/vc_row][vc_row gap=&#8221;10&#8243; css=&#8221;.vc_custom_1628449926943{padding-top: 70px !important;}&#8221;][vc_column width=&#8221;1\/3&#8243;][vc_single_image image=&#8221;5057&#8243; img_size=&#8221;full&#8221; alignment=&#8221;center&#8221;][vc_empty_space height=&#8221;20px&#8221;][vc_column_text]<\/p>\n<h6 style=\"text-align: center;\"><span style=\"color: #333333;\"><b>1. \u00bfCu\u00e1nto puedo invertir?<\/b><\/span><\/h6>\n<ul>\n<li style=\"font-weight: 400; text-align: left;\" aria-level=\"1\"><span style=\"font-weight: 400; color: #808080;\">Analizamos y precalificamos a nuestros clientes para saber cu\u00e1nto es su capacidad de inversi\u00f3n.<\/span><\/li>\n<\/ul>\n<p>[\/vc_column_text][\/vc_column][vc_column width=&#8221;1\/3&#8243;][vc_single_image image=&#8221;5058&#8243; img_size=&#8221;full&#8221; alignment=&#8221;center&#8221;][vc_empty_space height=&#8221;20px&#8221;][vc_column_text]<\/p>\n<h6 style=\"text-align: center;\"><span style=\"color: #333333;\"><b>2. An\u00e1lisis de hipotecas\u00a0<\/b><\/span><\/h6>\n<ul>\n<li><span style=\"font-weight: 400; color: #808080;\">Escoger el banco que sea adapte mejor a las necesidades del cliente. Es importante valorar distintos tipos de productos y tasas de inter\u00e9s.<\/span><\/li>\n<\/ul>\n<p>[\/vc_column_text][\/vc_column][vc_column width=&#8221;1\/3&#8243;][vc_single_image image=&#8221;5059&#8243; img_size=&#8221;full&#8221; alignment=&#8221;center&#8221;][vc_empty_space height=&#8221;20px&#8221;][vc_column_text]<\/p>\n<h6 style=\"text-align: center;\"><span style=\"color: #333333;\"><b>3. Encontrar tu inmueble ideal<\/b><\/span><\/h6>\n<ul>\n<li style=\"font-weight: 400;\" aria-level=\"1\"><span style=\"font-weight: 400; color: #808080;\">Es importante definir gustos y necesidades<\/span><\/li>\n<li style=\"font-weight: 400;\" aria-level=\"1\"><span style=\"font-weight: 400; color: #808080;\">Ahorramos tu tiempo y energ\u00eda. Nos enfocamos en ofrecer propiedades que se ajusten a tu PRESUPUESTO.<\/span><\/li>\n<li style=\"font-weight: 400;\" aria-level=\"1\"><span style=\"font-weight: 400; color: #808080;\">Puntos para destacar: ubicaci\u00f3n, tipo de vivienda (casa o departamento), accesibilidad, plusval\u00eda, etc.<\/span><\/li>\n<li style=\"font-weight: 400;\" aria-level=\"1\"><span style=\"font-weight: 400; color: #808080;\">Importante considerar los gastos adicionales generados por la compra de la propiedad: escrituraci\u00f3n, aval\u00fao, etc.<\/span><\/li>\n<\/ul>\n<p>[\/vc_column_text][\/vc_column][\/vc_row][vc_row gap=&#8221;10&#8243; css=&#8221;.vc_custom_1628469360508{padding-top: 50px !important;padding-bottom: 90px !important;}&#8221;][vc_column width=&#8221;1\/3&#8243;][vc_single_image image=&#8221;5060&#8243; img_size=&#8221;full&#8221; alignment=&#8221;center&#8221;][vc_empty_space height=&#8221;20px&#8221;][vc_column_text]<\/p>\n<h6 style=\"text-align: center;\"><b>4. Oferta y Negociaci\u00f3n\u00a0\u00a0\u00a0<\/b><\/h6>\n<ul>\n<li style=\"font-weight: 400;\" aria-level=\"1\"><span style=\"font-weight: 400;\">Ya que encontramos la propiedad que cumple con todo lo que estamos buscando es momento de presentar una OFERTA firmada con los t\u00e9rminos y condiciones deseados.\u00a0<\/span><\/li>\n<li style=\"font-weight: 400;\" aria-level=\"1\"><span style=\"font-weight: 400;\">Para darle formalidad a la oferta se recomienda dar un apartado por la propiedad.<\/span><\/li>\n<li style=\"font-weight: 400;\" aria-level=\"1\"><span style=\"font-weight: 400;\">Der ser aceptada la oferta, algunos propietarios piden firmar un contrato de compra-venta en el que se formaliza la venta (No es obligatorio).<\/span><\/li>\n<\/ul>\n<p>[\/vc_column_text][\/vc_column][vc_column width=&#8221;1\/3&#8243;][vc_single_image image=&#8221;5061&#8243; img_size=&#8221;full&#8221; alignment=&#8221;center&#8221;][vc_empty_space height=&#8221;20px&#8221;][vc_column_text]<\/p>\n<h6 style=\"text-align: center;\"><b>5. Cierre y Escrituraci\u00f3n<\/b><\/h6>\n<ul>\n<li style=\"font-weight: 400;\" aria-level=\"1\"><span style=\"font-weight: 400;\">En caso de realizar la compra con un banco que otorga un cr\u00e9dito hipotecario se programa a firma de escritura despu\u00e9s de que la propiedad cumple con ciertos requisitos.<\/span><\/li>\n<li style=\"font-weight: 400;\" aria-level=\"1\"><span style=\"font-weight: 400;\">Al momento de la firma de escritura y en su caso hipoteca queda establecidos diferentes par\u00e1metros como: formas de pago, tasa de inter\u00e9s, plazo y amortizaciones.<\/span><\/li>\n<li style=\"font-weight: 400;\" aria-level=\"1\"><span style=\"font-weight: 400;\">En este punto es cuando se realiza el pago de la propiedad.<\/span><\/li>\n<li style=\"font-weight: 400;\" aria-level=\"1\"><span style=\"font-weight: 400;\">Si no tienes ning\u00fan problema con el acuerdo al que se ha llegado, \u00a1Felicidades, la casa ya es tuya<\/span><\/li>\n<\/ul>\n<p>[\/vc_column_text][\/vc_column][vc_column width=&#8221;1\/3&#8243;][vc_single_image image=&#8221;5062&#8243; img_size=&#8221;full&#8221; alignment=&#8221;center&#8221;][vc_empty_space height=&#8221;20px&#8221;][vc_column_text]<\/p>\n<h6 style=\"text-align: center;\"><span style=\"color: #333333;\"><b>6. Despu\u00e9s de la Compra\u00a0<\/b><\/span><\/h6>\n<ul>\n<li><span style=\"font-weight: 400; color: #808080;\">Ahora s\u00ed, ya tienes las llaves de tu nueva casa o departamento, aqu\u00ed comienza la aventura de la mudanza.<\/span><\/li>\n<\/ul>\n<p>[\/vc_column_text][\/vc_column][\/vc_row][vc_row full_width=&#8221;stretch_row&#8221; css=&#8221;.vc_custom_1628539092932{padding-top: 2% !important;background-image: url(https:\/\/www.inmobiliaria.plusvaliauno.mx\/inmobiliaria\/wp-content\/uploads\/2018\/01\/background-8.jpg?id=3625) !important;background-position: center !important;background-repeat: no-repeat !important;background-size: cover !important;}&#8221;][vc_column][vc_empty_space][vc_row_inner][vc_column_inner][vc_column_text]<\/p>\n<h4 style=\"text-align: center;\"><span style=\"color: #ffffff;\">Deja tu propiedad en manos de los profesionales con nuestro<br \/>\npersonal calificado.<\/span><\/h4>\n<h4 style=\"text-align: center;\"><span style=\"color: #ffffff;\">Plusval\u00eda Uno\u2026Somos uno en todo<\/span><\/h4>\n<p>[\/vc_column_text][\/vc_column_inner][\/vc_row_inner][vc_empty_space height=&#8221;45px&#8221;][\/vc_column][\/vc_row][vc_row full_width=&#8221;stretch_row&#8221; css=&#8221;.vc_custom_1625873510895{background-color: #ffffff !important;}&#8221;][vc_column][vc_empty_space height=&#8221;45px&#8221;][vc_row_inner][vc_column_inner width=&#8221;1\/2&#8243;][vc_single_image image=&#8221;4872&#8243; img_size=&#8221;full&#8221; alignment=&#8221;center&#8221;][vc_empty_space height=&#8221;18px&#8221;][vc_column_text]<\/p>\n<h4><span style=\"color: #5e5e5e;\">CONT\u00c1CTANOS<\/span><\/h4>\n<p>[\/vc_column_text][vc_column_text]Estamos encantados de poder ayudarte a replusvalizar tu propiedad, cu\u00e9ntanos todo acerca de tu proyecto para poder ofrecerte las mejores soluciones.<\/p>\n<p>Respondemos a la brevedad.[\/vc_column_text][\/vc_column_inner][vc_column_inner width=&#8221;1\/2&#8243;]\n<div class=\"wpcf7 no-js\" id=\"wpcf7-f2538-o1\" lang=\"en-US\" dir=\"ltr\" data-wpcf7-id=\"2538\">\n<div class=\"screen-reader-response\"><p role=\"status\" aria-live=\"polite\" aria-atomic=\"true\"><\/p> <ul><\/ul><\/div>\n<form action=\"\/inmobiliaria\/wp-json\/wp\/v2\/pages\/10901#wpcf7-f2538-o1\" method=\"post\" class=\"wpcf7-form init\" aria-label=\"Contact form\" novalidate=\"novalidate\" data-status=\"init\">\n<fieldset class=\"hidden-fields-container\"><input type=\"hidden\" name=\"_wpcf7\" value=\"2538\" \/><input type=\"hidden\" name=\"_wpcf7_version\" value=\"6.1.1\" \/><input type=\"hidden\" name=\"_wpcf7_locale\" value=\"en_US\" \/><input type=\"hidden\" name=\"_wpcf7_unit_tag\" value=\"wpcf7-f2538-o1\" \/><input type=\"hidden\" name=\"_wpcf7_container_post\" value=\"0\" \/><input type=\"hidden\" name=\"_wpcf7_posted_data_hash\" value=\"\" \/>\n<\/fieldset>\n<div class=\"g5plus-contact-form contact-3-column row text-center\">\n\t<div class=\"col-md-4 col-sm-12 col-xs-12\">\n\t\t<p><span class=\"wpcf7-form-control-wrap\" data-name=\"your-name\"><input size=\"40\" maxlength=\"400\" class=\"wpcf7-form-control wpcf7-text\" aria-invalid=\"false\" placeholder=\"Full name\" value=\"\" type=\"text\" name=\"your-name\" \/><\/span>\n\t\t<\/p>\n\t<\/div>\n\t<div class=\"col-md-4 col-sm-12 col-xs-12\">\n\t\t<p><span class=\"wpcf7-form-control-wrap\" data-name=\"your-email\"><input size=\"40\" maxlength=\"400\" class=\"wpcf7-form-control wpcf7-email wpcf7-validates-as-required wpcf7-text wpcf7-validates-as-email\" aria-required=\"true\" aria-invalid=\"false\" placeholder=\"Email address\" value=\"\" type=\"email\" name=\"your-email\" \/><\/span>\n\t\t<\/p>\n\t<\/div>\n\t<div class=\"col-md-4 col-sm-12 col-xs-12\">\n\t\t<p><span class=\"wpcf7-form-control-wrap\" data-name=\"your-tel\"><input size=\"40\" maxlength=\"400\" class=\"wpcf7-form-control wpcf7-tel wpcf7-text wpcf7-validates-as-tel\" aria-invalid=\"false\" placeholder=\"Phone Number\" value=\"\" type=\"tel\" name=\"your-tel\" \/><\/span>\n\t\t<\/p>\n\t<\/div>\n\t<div class=\"col-xs-12\">\n\t\t<p><span class=\"wpcf7-form-control-wrap\" data-name=\"your-message\"><textarea cols=\"40\" rows=\"10\" maxlength=\"2000\" class=\"wpcf7-form-control wpcf7-textarea\" aria-invalid=\"false\" placeholder=\"Message\" name=\"your-message\"><\/textarea><\/span>\n\t\t<\/p>\n\t<\/div>\n\t<div class=\"col-xs-12\">\n\t\t<p><button class=\"btn btn-md btn-primary btn-outline btn-shape-round\">SUBMIT NOW<\/button>\n\t\t<\/p>\n\t<\/div>\n<\/div><div class=\"wpcf7-response-output\" aria-hidden=\"true\"><\/div>\n<\/form>\n<\/div>\n[\/vc_column_inner][\/vc_row_inner][vc_empty_space height=&#8221;45px&#8221;][\/vc_column][\/vc_row]<\/p>\n<\/div>","protected":false},"excerpt":{"rendered":"<p>[vc_row full_width=&#8221;stretch_row&#8221; css=&#8221;.vc_custom_1625862457920{background-image: url(https:\/\/www.inmobiliaria.plusvaliauno.mx\/inmobiliaria\/wp-content\/uploads\/2020\/06\/plusvalia-uno-inversiones-inmobiliarias-inicio-back-4.jpg?id=4471) !important;background-position: center !important;background-repeat: no-repeat !important;background-size: cover !important;}&#8221;][vc_column][g5plus_space desktop=&#8221;100&#8243; tablet=&#8221;80&#8243; tablet_portrait=&#8221;60&#8243; mobile_landscape=&#8221;50&#8243; mobile=&#8221;40&#8243;][vc_row_inner][vc_column_inner width=&#8221;1\/2&#8243;][vc_single_image image=&#8221;5063&#8243; img_size=&#8221;full&#8221; alignment=&#8221;center&#8221;][\/vc_column_inner][vc_column_inner width=&#8221;1\/2&#8243;][vc_empty_space][vc_empty_space][vc_column_text] COMPRA [\/vc_column_text][vc_empty_space][vc_column_text] Para el equipo de Plusval\u00eda Uno es muy importante escuchar tus necesidades y dudas para poder ayudarte a que logres tus metas y sue\u00f1os. Si ya est\u00e1s en el proceso para adquirir [&hellip;]<\/p>\n","protected":false},"author":2,"featured_media":0,"parent":0,"menu_order":0,"comment_status":"closed","ping_status":"closed","template":"","meta":{"footnotes":""},"class_list":["post-10901","page","type-page","status-publish","hentry"],"_links":{"self":[{"href":"https:\/\/inmobiliaria.plusvaliauno.mx\/inmobiliaria\/wp-json\/wp\/v2\/pages\/10901","targetHints":{"allow":["GET"]}}],"collection":[{"href":"https:\/\/inmobiliaria.plusvaliauno.mx\/inmobiliaria\/wp-json\/wp\/v2\/pages"}],"about":[{"href":"https:\/\/inmobiliaria.plusvaliauno.mx\/inmobiliaria\/wp-json\/wp\/v2\/types\/page"}],"author":[{"embeddable":true,"href":"https:\/\/inmobiliaria.plusvaliauno.mx\/inmobiliaria\/wp-json\/wp\/v2\/users\/2"}],"replies":[{"embeddable":true,"href":"https:\/\/inmobiliaria.plusvaliauno.mx\/inmobiliaria\/wp-json\/wp\/v2\/comments?post=10901"}],"version-history":[{"count":0,"href":"https:\/\/inmobiliaria.plusvaliauno.mx\/inmobiliaria\/wp-json\/wp\/v2\/pages\/10901\/revisions"}],"wp:attachment":[{"href":"https:\/\/inmobiliaria.plusvaliauno.mx\/inmobiliaria\/wp-json\/wp\/v2\/media?parent=10901"}],"curies":[{"name":"wp","href":"https:\/\/api.w.org\/{rel}","templated":true}]}}