{"id":10898,"date":"2024-02-12T23:13:01","date_gmt":"2024-02-12T23:13:01","guid":{"rendered":"https:\/\/www.inmobiliaria.plusvaliauno.mx\/inmobiliaria\/quienes-somos-copy\/"},"modified":"2024-02-12T23:13:01","modified_gmt":"2024-02-12T23:13:01","slug":"replusvalizate","status":"publish","type":"page","link":"https:\/\/inmobiliaria.plusvaliauno.mx\/inmobiliaria\/replusvalizate\/","title":{"rendered":"Replusval\u00edzate"},"content":{"rendered":"<div class=\"wpb-content-wrapper\"><p>[vc_row full_width=&#8221;stretch_row&#8221; css=&#8221;.vc_custom_1625862457920{background-image: url(https:\/\/www.inmobiliaria.plusvaliauno.mx\/inmobiliaria\/wp-content\/uploads\/2020\/06\/plusvalia-uno-inversiones-inmobiliarias-inicio-back-4.jpg?id=4471) !important;background-position: center !important;background-repeat: no-repeat !important;background-size: cover !important;}&#8221;][vc_column][g5plus_space desktop=&#8221;100&#8243; tablet=&#8221;80&#8243; tablet_portrait=&#8221;60&#8243; mobile_landscape=&#8221;50&#8243; mobile=&#8221;40&#8243;][vc_row_inner][vc_column_inner width=&#8221;1\/2&#8243;][vc_single_image image=&#8221;5035&#8243; img_size=&#8221;full&#8221; alignment=&#8221;center&#8221;][\/vc_column_inner][vc_column_inner width=&#8221;1\/2&#8243;][vc_empty_space][vc_empty_space][vc_column_text]<\/p>\n<h4><span style=\"color: #5e5e5e;\">REPLUSVAL\u00cdZATE<\/span><\/h4>\n<p>[\/vc_column_text][vc_empty_space][vc_column_text]<span style=\"color: #333333;\">Pensar en renovar en muchas ocasiones se traduce en destinar un recurso que no tenemos para mejorar algo. <strong>Replusval\u00edzate,<\/strong> es un servicio que surge para innovar el mercado inmobiliario y ofrecer una soluci\u00f3n a propietarios de inmuebles descuidados o antiguos, para que los puedan vender.<\/span>[\/vc_column_text][vc_empty_space][vc_empty_space][\/vc_column_inner][\/vc_row_inner][vc_empty_space][\/vc_column][\/vc_row][vc_row full_width=&#8221;stretch_row&#8221; css=&#8221;.vc_custom_1625873216567{background-image: url(https:\/\/www.inmobiliaria.plusvaliauno.mx\/inmobiliaria\/wp-content\/uploads\/2020\/06\/plusvalia-uno-inversiones-inmobiliarias-inicio-back-5.jpg?id=4475) !important;background-position: center !important;background-repeat: no-repeat !important;background-size: cover !important;}&#8221;][vc_column][g5plus_space desktop=&#8221;100&#8243; tablet=&#8221;80&#8243; tablet_portrait=&#8221;60&#8243; mobile_landscape=&#8221;50&#8243; mobile=&#8221;40&#8243;][vc_row_inner][vc_column_inner width=&#8221;1\/2&#8243;][vc_empty_space][vc_empty_space][vc_column_text]<span style=\"color: #333333;\"><span style=\"font-weight: 400;\">Con <\/span><b>Replusval\u00edzate<\/b><span style=\"font-weight: 400;\"> obtienes grandes beneficios:\u00a0<\/span><\/span><\/p>\n<ul>\n<li><span style=\"font-weight: 400; color: #333333;\">Aumenta la plusval\u00eda de tu inmueble, invirtiendo cero pesos.<\/span><\/li>\n<li><span style=\"font-weight: 400; color: #333333;\">Inmueble en \u00f3ptimas condiciones.<\/span><\/li>\n<li><span style=\"font-weight: 400; color: #333333;\">Maximiza opciones para la venta.<\/span><\/li>\n<li><span style=\"font-weight: 400; color: #333333;\">Obtienes protecci\u00f3n f\u00edsica, jur\u00eddica y fiscal.<\/span><\/li>\n<li><span style=\"font-weight: 400; color: #333333;\">M\u00e1s dinero para ti.<\/span><\/li>\n<\/ul>\n<p>[\/vc_column_text][vc_empty_space][vc_empty_space][\/vc_column_inner][vc_column_inner width=&#8221;1\/2&#8243;][vc_single_image image=&#8221;5019&#8243; img_size=&#8221;full&#8221; alignment=&#8221;center&#8221;][\/vc_column_inner][\/vc_row_inner][vc_empty_space][\/vc_column][\/vc_row][vc_row css=&#8221;.vc_custom_1628449875077{padding-top: 90px !important;}&#8221;][vc_column][vc_column_text]<\/p>\n<h4 style=\"text-align: center;\"><span style=\"color: #333333;\"><b>\u00bfC\u00d3MO FUNCIONA REPLUSVAL\u00cdZATE?<\/b><\/span><\/h4>\n<p>[\/vc_column_text][\/vc_column][\/vc_row][vc_row gap=&#8221;10&#8243; css=&#8221;.vc_custom_1628449926943{padding-top: 70px !important;}&#8221;][vc_column width=&#8221;1\/3&#8243;][vc_single_image image=&#8221;5006&#8243; img_size=&#8221;full&#8221; alignment=&#8221;center&#8221;][vc_empty_space height=&#8221;20px&#8221;][vc_column_text]<\/p>\n<h6 style=\"text-align: center;\"><span style=\"color: #333333;\"><strong><span style=\"vertical-align: inherit;\"><span style=\"vertical-align: inherit;\">1. Contacto y localizaci\u00f3n de inmueble. <\/span><\/span><\/strong><\/span><\/h6>\n<p style=\"text-align: center;\"><span style=\"font-weight: 400; color: #808080;\"><span style=\"vertical-align: inherit;\"><span style=\"vertical-align: inherit;\">El servicio va dirigido a propietarios de un inmueble que quiera vender una propiedad con buena ubicaci\u00f3n, pero descuidada o antigua. Nosotros establecemos comunicaci\u00f3n directa con ellos.<\/span><\/span><\/span><\/p>\n<p>[\/vc_column_text][\/vc_column][vc_column width=&#8221;1\/3&#8243;][vc_single_image image=&#8221;5007&#8243; img_size=&#8221;full&#8221; alignment=&#8221;center&#8221;][vc_empty_space height=&#8221;20px&#8221;][vc_column_text]<\/p>\n<h6 style=\"text-align: center;\"><strong><span style=\"color: #333333;\">2. Valoraci\u00f3n del inmueble y zona. <\/span><\/strong><\/h6>\n<p style=\"text-align: center;\"><span style=\"font-weight: 400; color: #808080;\">Realizamos una inspecci\u00f3n del inmueble para conocer el estado de conservaci\u00f3n y su ubicaci\u00f3n.<\/span><\/p>\n<p>[\/vc_column_text][\/vc_column][vc_column width=&#8221;1\/3&#8243;][vc_single_image image=&#8221;5008&#8243; img_size=&#8221;full&#8221; alignment=&#8221;center&#8221;][vc_empty_space height=&#8221;20px&#8221;][vc_column_text]<\/p>\n<h6 style=\"text-align: center;\"><span style=\"color: #333333;\"><strong>3. Estudio. <\/strong><\/span><\/h6>\n<p style=\"text-align: center;\"><span style=\"font-weight: 400; color: #808080;\">Hacemos un an\u00e1lisis detallado sobre la zona donde se ubica el inmueble, el pago de impuestos, as\u00ed como procesos legales que se requieran.<\/span><\/p>\n<p>[\/vc_column_text][\/vc_column][\/vc_row][vc_row gap=&#8221;10&#8243; css=&#8221;.vc_custom_1628449407251{padding-top: 50px !important;}&#8221;][vc_column width=&#8221;1\/3&#8243;][vc_single_image image=&#8221;5009&#8243; img_size=&#8221;full&#8221; alignment=&#8221;center&#8221;][vc_empty_space height=&#8221;20px&#8221;][vc_column_text]<\/p>\n<h6 style=\"text-align: center;\"><span style=\"color: #333333;\"><strong>4. Propuesta. <\/strong><\/span><\/h6>\n<p style=\"text-align: center;\"><span style=\"font-weight: 400; color: #808080;\">El equipo de Plusval\u00eda Uno, brinda una asesor\u00eda sobre la inversi\u00f3n que se requiere para la remodelaci\u00f3n de la propiedad. Estructuramos un traje a la medida con base en las necesidades y expectativas reales sobre la venta del inmueble y se presenta al propietario.<\/span><\/p>\n<p>[\/vc_column_text][\/vc_column][vc_column width=&#8221;1\/3&#8243;][vc_single_image image=&#8221;5010&#8243; img_size=&#8221;full&#8221; alignment=&#8221;center&#8221;][vc_empty_space height=&#8221;20px&#8221;][vc_column_text]<\/p>\n<h6 style=\"text-align: center;\"><strong><span style=\"color: #333333;\">5. Firma de acuerdos. <\/span><\/strong><\/h6>\n<p style=\"text-align: center;\"><span style=\"font-weight: 400; color: #808080;\">Aceptada la propuesta comenzamos con la firma de acuerdos y protecciones para ambas partes.<\/span><\/p>\n<p>[\/vc_column_text][\/vc_column][vc_column width=&#8221;1\/3&#8243;][vc_single_image image=&#8221;5011&#8243; img_size=&#8221;full&#8221; alignment=&#8221;center&#8221;][vc_empty_space height=&#8221;20px&#8221;][vc_column_text]<\/p>\n<h6 style=\"text-align: center;\"><span style=\"color: #333333;\"><strong>6. Remodelaci\u00f3n o mejoras.<\/strong><\/span><\/h6>\n<p style=\"text-align: center;\"><span style=\"font-weight: 400; color: #808080;\"> Inicia la parte m\u00e1s emocionante, la transformaci\u00f3n del inmueble, en la que seremos los art\u00edfices de los cambios y mejoras en tu propiedad.<\/span><\/p>\n<p>[\/vc_column_text][\/vc_column][\/vc_row][vc_row gap=&#8221;10&#8243; css=&#8221;.vc_custom_1628449401915{padding-top: 50px !important;padding-bottom: 90px !important;}&#8221;][vc_column width=&#8221;1\/3&#8243;][vc_single_image image=&#8221;5012&#8243; img_size=&#8221;full&#8221; alignment=&#8221;center&#8221;][vc_empty_space height=&#8221;20px&#8221;][vc_column_text]<\/p>\n<h6 style=\"text-align: center;\"><strong><span style=\"color: #333333;\">7. Promoci\u00f3n. <\/span><\/strong><\/h6>\n<p style=\"text-align: center;\"><span style=\"color: #808080;\">Difusi\u00f3n a trav\u00e9s de diferentes canales de venta para captar prospectos de los que saldr\u00e1 el cliente final.<\/span><\/p>\n<p>[\/vc_column_text][\/vc_column][vc_column width=&#8221;1\/3&#8243;][vc_single_image image=&#8221;5013&#8243; img_size=&#8221;full&#8221; alignment=&#8221;center&#8221;][vc_empty_space height=&#8221;20px&#8221;][vc_column_text]<\/p>\n<h6 style=\"text-align: center;\"><strong><span style=\"color: #333333;\">8. Cierre de venta. <\/span><\/strong><\/h6>\n<p style=\"text-align: center;\"><span style=\"color: #808080;\"><span style=\"font-weight: 400;\">Una vez que se tiene al cliente final, comenzamos con el proceso de cierre de venta mediante las instituciones legales y bancarias pertinentes.<\/span><\/span><\/p>\n<p>[\/vc_column_text][\/vc_column][vc_column width=&#8221;1\/3&#8243;][vc_single_image image=&#8221;5014&#8243; img_size=&#8221;full&#8221; alignment=&#8221;center&#8221;][vc_empty_space height=&#8221;20px&#8221;][vc_column_text]<\/p>\n<h6 style=\"text-align: center;\"><span style=\"color: #333333;\"><strong>9. Pago.<\/strong><\/span><\/h6>\n<p style=\"text-align: center;\"><span style=\"font-weight: 400; color: #808080;\"> Concluido el proceso de cierre llegamos a la parte final donde el propietario recibir\u00e1 su dinero conforme a la firma de acuerdos pactada.<\/span><\/p>\n<p>[\/vc_column_text][\/vc_column][\/vc_row][vc_row full_width=&#8221;stretch_row&#8221; css=&#8221;.vc_custom_1628539615610{padding-top: 2% !important;background-image: url(https:\/\/www.inmobiliaria.plusvaliauno.mx\/inmobiliaria\/wp-content\/uploads\/2018\/01\/background-8.jpg?id=3625) !important;background-position: center !important;background-repeat: no-repeat !important;background-size: cover !important;}&#8221;][vc_column][vc_empty_space][vc_row_inner][vc_column_inner][vc_column_text]<\/p>\n<h4 style=\"text-align: center;\"><span style=\"color: #ffffff;\">Deja tu propiedad en manos de los profesionales con nuestro<\/span><br \/>\n<span style=\"color: #ffffff;\">personal calificado.<\/span><\/h4>\n<h4 style=\"text-align: center;\"><span style=\"color: #ffffff;\">Plusval\u00eda Uno\u2026Somos uno en todo<\/span><\/h4>\n<h4 style=\"text-align: center;\"><span style=\"color: #ffffff;\">\u00a0<\/span><\/h4>\n<p>[\/vc_column_text][\/vc_column_inner][\/vc_row_inner][vc_empty_space height=&#8221;28px&#8221;][\/vc_column][\/vc_row][vc_row full_width=&#8221;stretch_row&#8221; css=&#8221;.vc_custom_1625873510895{background-color: #ffffff !important;}&#8221;][vc_column][vc_empty_space height=&#8221;45px&#8221;][vc_row_inner][vc_column_inner width=&#8221;1\/2&#8243;][vc_single_image image=&#8221;4872&#8243; img_size=&#8221;full&#8221; alignment=&#8221;center&#8221;][vc_empty_space height=&#8221;18px&#8221;][vc_column_text]<\/p>\n<h4><span style=\"color: #5e5e5e;\">CONT\u00c1CTANOS<\/span><\/h4>\n<p>[\/vc_column_text][vc_column_text]Estamos encantados de poder ayudarte a replusvalizar tu propiedad, cu\u00e9ntanos todo acerca de tu proyecto para poder ofrecerte las mejores soluciones.<\/p>\n<p>Respondemos a la brevedad.[\/vc_column_text][\/vc_column_inner][vc_column_inner width=&#8221;1\/2&#8243;]\n<div class=\"wpcf7 no-js\" id=\"wpcf7-f2538-o1\" lang=\"en-US\" dir=\"ltr\" data-wpcf7-id=\"2538\">\n<div class=\"screen-reader-response\"><p role=\"status\" aria-live=\"polite\" aria-atomic=\"true\"><\/p> <ul><\/ul><\/div>\n<form action=\"\/inmobiliaria\/wp-json\/wp\/v2\/pages\/10898#wpcf7-f2538-o1\" method=\"post\" class=\"wpcf7-form init\" aria-label=\"Contact form\" novalidate=\"novalidate\" data-status=\"init\">\n<fieldset class=\"hidden-fields-container\"><input type=\"hidden\" name=\"_wpcf7\" value=\"2538\" \/><input type=\"hidden\" name=\"_wpcf7_version\" value=\"6.1.1\" \/><input type=\"hidden\" name=\"_wpcf7_locale\" value=\"en_US\" \/><input type=\"hidden\" name=\"_wpcf7_unit_tag\" value=\"wpcf7-f2538-o1\" \/><input type=\"hidden\" name=\"_wpcf7_container_post\" value=\"0\" \/><input type=\"hidden\" name=\"_wpcf7_posted_data_hash\" value=\"\" \/>\n<\/fieldset>\n<div class=\"g5plus-contact-form contact-3-column row text-center\">\n\t<div class=\"col-md-4 col-sm-12 col-xs-12\">\n\t\t<p><span class=\"wpcf7-form-control-wrap\" data-name=\"your-name\"><input size=\"40\" maxlength=\"400\" class=\"wpcf7-form-control wpcf7-text\" aria-invalid=\"false\" placeholder=\"Full name\" value=\"\" type=\"text\" name=\"your-name\" \/><\/span>\n\t\t<\/p>\n\t<\/div>\n\t<div class=\"col-md-4 col-sm-12 col-xs-12\">\n\t\t<p><span class=\"wpcf7-form-control-wrap\" data-name=\"your-email\"><input size=\"40\" maxlength=\"400\" class=\"wpcf7-form-control wpcf7-email wpcf7-validates-as-required wpcf7-text wpcf7-validates-as-email\" aria-required=\"true\" aria-invalid=\"false\" placeholder=\"Email address\" value=\"\" type=\"email\" name=\"your-email\" \/><\/span>\n\t\t<\/p>\n\t<\/div>\n\t<div class=\"col-md-4 col-sm-12 col-xs-12\">\n\t\t<p><span class=\"wpcf7-form-control-wrap\" data-name=\"your-tel\"><input size=\"40\" maxlength=\"400\" class=\"wpcf7-form-control wpcf7-tel wpcf7-text wpcf7-validates-as-tel\" aria-invalid=\"false\" placeholder=\"Phone Number\" value=\"\" type=\"tel\" name=\"your-tel\" \/><\/span>\n\t\t<\/p>\n\t<\/div>\n\t<div class=\"col-xs-12\">\n\t\t<p><span class=\"wpcf7-form-control-wrap\" data-name=\"your-message\"><textarea cols=\"40\" rows=\"10\" maxlength=\"2000\" class=\"wpcf7-form-control wpcf7-textarea\" aria-invalid=\"false\" placeholder=\"Message\" name=\"your-message\"><\/textarea><\/span>\n\t\t<\/p>\n\t<\/div>\n\t<div class=\"col-xs-12\">\n\t\t<p><button class=\"btn btn-md btn-primary btn-outline btn-shape-round\">SUBMIT NOW<\/button>\n\t\t<\/p>\n\t<\/div>\n<\/div><div class=\"wpcf7-response-output\" aria-hidden=\"true\"><\/div>\n<\/form>\n<\/div>\n[\/vc_column_inner][\/vc_row_inner][vc_empty_space height=&#8221;45px&#8221;][\/vc_column][\/vc_row]<\/p>\n<\/div>","protected":false},"excerpt":{"rendered":"<p>[vc_row full_width=&#8221;stretch_row&#8221; css=&#8221;.vc_custom_1625862457920{background-image: url(https:\/\/www.inmobiliaria.plusvaliauno.mx\/inmobiliaria\/wp-content\/uploads\/2020\/06\/plusvalia-uno-inversiones-inmobiliarias-inicio-back-4.jpg?id=4471) !important;background-position: center !important;background-repeat: no-repeat !important;background-size: cover !important;}&#8221;][vc_column][g5plus_space desktop=&#8221;100&#8243; tablet=&#8221;80&#8243; tablet_portrait=&#8221;60&#8243; mobile_landscape=&#8221;50&#8243; mobile=&#8221;40&#8243;][vc_row_inner][vc_column_inner width=&#8221;1\/2&#8243;][vc_single_image image=&#8221;5035&#8243; img_size=&#8221;full&#8221; alignment=&#8221;center&#8221;][\/vc_column_inner][vc_column_inner width=&#8221;1\/2&#8243;][vc_empty_space][vc_empty_space][vc_column_text] REPLUSVAL\u00cdZATE [\/vc_column_text][vc_empty_space][vc_column_text]Pensar en renovar en muchas ocasiones se traduce en destinar un recurso que no tenemos para mejorar algo. Replusval\u00edzate, es un servicio que surge para innovar el mercado inmobiliario y ofrecer una soluci\u00f3n [&hellip;]<\/p>\n","protected":false},"author":2,"featured_media":0,"parent":0,"menu_order":0,"comment_status":"closed","ping_status":"closed","template":"","meta":{"footnotes":""},"class_list":["post-10898","page","type-page","status-publish","hentry"],"_links":{"self":[{"href":"https:\/\/inmobiliaria.plusvaliauno.mx\/inmobiliaria\/wp-json\/wp\/v2\/pages\/10898","targetHints":{"allow":["GET"]}}],"collection":[{"href":"https:\/\/inmobiliaria.plusvaliauno.mx\/inmobiliaria\/wp-json\/wp\/v2\/pages"}],"about":[{"href":"https:\/\/inmobiliaria.plusvaliauno.mx\/inmobiliaria\/wp-json\/wp\/v2\/types\/page"}],"author":[{"embeddable":true,"href":"https:\/\/inmobiliaria.plusvaliauno.mx\/inmobiliaria\/wp-json\/wp\/v2\/users\/2"}],"replies":[{"embeddable":true,"href":"https:\/\/inmobiliaria.plusvaliauno.mx\/inmobiliaria\/wp-json\/wp\/v2\/comments?post=10898"}],"version-history":[{"count":0,"href":"https:\/\/inmobiliaria.plusvaliauno.mx\/inmobiliaria\/wp-json\/wp\/v2\/pages\/10898\/revisions"}],"wp:attachment":[{"href":"https:\/\/inmobiliaria.plusvaliauno.mx\/inmobiliaria\/wp-json\/wp\/v2\/media?parent=10898"}],"curies":[{"name":"wp","href":"https:\/\/api.w.org\/{rel}","templated":true}]}}